{"id":25,"date":"2014-06-02T11:25:18","date_gmt":"2014-06-02T09:25:18","guid":{"rendered":"http:\/\/www.xn--party-mwe-67a.de\/?page_id=25"},"modified":"2025-10-10T10:57:06","modified_gmt":"2025-10-10T08:57:06","slug":"anfahrt-2","status":"publish","type":"page","link":"http:\/\/www.xn--party-mwe-67a.de\/?page_id=25","title":{"rendered":"Anfahrt"},"content":{"rendered":"\n<p>Sie finden uns in der Petersdorfer Str. 15 (im Stadtteil Toitenwinkel), direkt hinterm Hotel Garni am \u00dcberseehafen. Der gro\u00dfe Parkplatz rechts neben dem Hotel steht unseren G\u00e4sten kostenlos zum Parken zur Verf\u00fcgung.<\/p>\n\n\n\n<p>Eine Bushaltestelle (Hafenbahnweg) befindet sich direkt vor der T\u00fcr!<\/p>\n\n\n\n<p>Entfernung zur Autobahn A19 &#8211; 2,0 km<\/p>\n\n\n\n<p>Entfernung zum Stadtzentrum &#8211; 7,4 km<\/p>\n\n\n\n<p>Entfernung zum Hauptbahnhof &#8211; 8,4 km<\/p>\n\n\n\n<figure class=\"wp-block-image size-large\"><a href=\"http:\/\/www.xn--party-mwe-67a.de\/wp-content\/uploads\/2023\/11\/IMG_7931-scaled.jpg\"><img decoding=\"async\" loading=\"lazy\" width=\"1024\" height=\"683\" src=\"http:\/\/www.xn--party-mwe-67a.de\/wp-content\/uploads\/2023\/11\/IMG_7931-1024x683.jpg\" alt=\"\" class=\"wp-image-581\" srcset=\"http:\/\/www.xn--party-mwe-67a.de\/wp-content\/uploads\/2023\/11\/IMG_7931-1024x683.jpg 1024w, http:\/\/www.xn--party-mwe-67a.de\/wp-content\/uploads\/2023\/11\/IMG_7931-300x200.jpg 300w, http:\/\/www.xn--party-mwe-67a.de\/wp-content\/uploads\/2023\/11\/IMG_7931-768x512.jpg 768w, http:\/\/www.xn--party-mwe-67a.de\/wp-content\/uploads\/2023\/11\/IMG_7931-1536x1024.jpg 1536w, http:\/\/www.xn--party-mwe-67a.de\/wp-content\/uploads\/2023\/11\/IMG_7931-2048x1365.jpg 2048w, http:\/\/www.xn--party-mwe-67a.de\/wp-content\/uploads\/2023\/11\/IMG_7931-450x300.jpg 450w\" sizes=\"(max-width: 1024px) 100vw, 1024px\" \/><\/a><figcaption class=\"wp-element-caption\">Hotel Garni am \u00dcberseehafen<\/figcaption><\/figure>\n\n\n\n<figure class=\"wp-block-gallery has-nested-images columns-default is-cropped wp-block-gallery-1 is-layout-flex\">\n<figure class=\"wp-block-image size-large\"><a href=\"http:\/\/www.xn--party-mwe-67a.de\/wp-content\/uploads\/2025\/10\/IMG_20240625_091105-scaled.jpg\"><img decoding=\"async\" loading=\"lazy\" width=\"1024\" height=\"768\" data-id=\"770\"  src=\"http:\/\/www.xn--party-mwe-67a.de\/wp-content\/uploads\/2025\/10\/IMG_20240625_091105-1024x768.jpg\" alt=\"\" class=\"wp-image-770\" srcset=\"http:\/\/www.xn--party-mwe-67a.de\/wp-content\/uploads\/2025\/10\/IMG_20240625_091105-1024x768.jpg 1024w, http:\/\/www.xn--party-mwe-67a.de\/wp-content\/uploads\/2025\/10\/IMG_20240625_091105-300x225.jpg 300w, http:\/\/www.xn--party-mwe-67a.de\/wp-content\/uploads\/2025\/10\/IMG_20240625_091105-768x576.jpg 768w, http:\/\/www.xn--party-mwe-67a.de\/wp-content\/uploads\/2025\/10\/IMG_20240625_091105-1536x1152.jpg 1536w, http:\/\/www.xn--party-mwe-67a.de\/wp-content\/uploads\/2025\/10\/IMG_20240625_091105-2048x1536.jpg 2048w, http:\/\/www.xn--party-mwe-67a.de\/wp-content\/uploads\/2025\/10\/IMG_20240625_091105-400x300.jpg 400w\" sizes=\"(max-width: 1024px) 100vw, 1024px\" \/><\/a><\/figure>\n\n\n\n<figure class=\"wp-block-image size-large\"><a href=\"http:\/\/www.xn--party-mwe-67a.de\/wp-content\/uploads\/2025\/10\/IMG_20240625_091431-scaled.jpg\"><img decoding=\"async\" loading=\"lazy\" width=\"1024\" height=\"768\" data-id=\"772\"  src=\"http:\/\/www.xn--party-mwe-67a.de\/wp-content\/uploads\/2025\/10\/IMG_20240625_091431-1024x768.jpg\" alt=\"\" class=\"wp-image-772\" srcset=\"http:\/\/www.xn--party-mwe-67a.de\/wp-content\/uploads\/2025\/10\/IMG_20240625_091431-1024x768.jpg 1024w, http:\/\/www.xn--party-mwe-67a.de\/wp-content\/uploads\/2025\/10\/IMG_20240625_091431-300x225.jpg 300w, http:\/\/www.xn--party-mwe-67a.de\/wp-content\/uploads\/2025\/10\/IMG_20240625_091431-768x576.jpg 768w, http:\/\/www.xn--party-mwe-67a.de\/wp-content\/uploads\/2025\/10\/IMG_20240625_091431-1536x1152.jpg 1536w, http:\/\/www.xn--party-mwe-67a.de\/wp-content\/uploads\/2025\/10\/IMG_20240625_091431-2048x1536.jpg 2048w, http:\/\/www.xn--party-mwe-67a.de\/wp-content\/uploads\/2025\/10\/IMG_20240625_091431-400x300.jpg 400w\" sizes=\"(max-width: 1024px) 100vw, 1024px\" \/><\/a><\/figure>\n\n\n\n<figure class=\"wp-block-image size-large\"><a href=\"http:\/\/www.xn--party-mwe-67a.de\/wp-content\/uploads\/2025\/10\/IMG_20250922_154017-mit-Schriftzug-scaled.jpg\"><img decoding=\"async\" loading=\"lazy\" width=\"1024\" height=\"768\" data-id=\"726\"  src=\"http:\/\/www.xn--party-mwe-67a.de\/wp-content\/uploads\/2025\/10\/IMG_20250922_154017-mit-Schriftzug-1024x768.jpg\" alt=\"\" class=\"wp-image-726\" srcset=\"http:\/\/www.xn--party-mwe-67a.de\/wp-content\/uploads\/2025\/10\/IMG_20250922_154017-mit-Schriftzug-1024x768.jpg 1024w, http:\/\/www.xn--party-mwe-67a.de\/wp-content\/uploads\/2025\/10\/IMG_20250922_154017-mit-Schriftzug-300x225.jpg 300w, http:\/\/www.xn--party-mwe-67a.de\/wp-content\/uploads\/2025\/10\/IMG_20250922_154017-mit-Schriftzug-768x576.jpg 768w, http:\/\/www.xn--party-mwe-67a.de\/wp-content\/uploads\/2025\/10\/IMG_20250922_154017-mit-Schriftzug-1536x1152.jpg 1536w, http:\/\/www.xn--party-mwe-67a.de\/wp-content\/uploads\/2025\/10\/IMG_20250922_154017-mit-Schriftzug-2048x1536.jpg 2048w, http:\/\/www.xn--party-mwe-67a.de\/wp-content\/uploads\/2025\/10\/IMG_20250922_154017-mit-Schriftzug-400x300.jpg 400w\" sizes=\"(max-width: 1024px) 100vw, 1024px\" \/><\/a><\/figure>\n<\/figure>\n\n\n<p><iframe loading=\"lazy\" src=\"https:\/\/maps.google.de\/maps?q=54.125692,12.14376&amp;num=1&amp;t=m&amp;ie=UTF8&amp;ll=54.125335,12.144482&amp;spn=0.002707,0.008256&amp;z=14&amp;output=embed\" width=\"425\" height=\"350\" frameborder=\"0\" marginwidth=\"0\" marginheight=\"0\" scrolling=\"no\"><\/iframe><br><small><a style=\"color: #0000ff; text-align: left;\" href=\"https:\/\/maps.google.de\/maps?q=54.125692,12.14376&amp;num=1&amp;t=m&amp;ie=UTF8&amp;ll=54.125335,12.144482&amp;spn=0.002707,0.008256&amp;z=14&amp;source=embed\">Gr\u00f6\u00dfere Kartenansicht<\/a><\/small><\/p>","protected":false},"excerpt":{"rendered":"<p>Sie finden uns in der Petersdorfer Str. 15 (im Stadtteil Toitenwinkel), direkt hinterm Hotel Garni am \u00dcberseehafen. Der gro\u00dfe Parkplatz rechts neben dem Hotel steht unseren G\u00e4sten kostenlos zum Parken zur Verf\u00fcgung. Eine Bushaltestelle (Hafenbahnweg) befindet sich direkt vor der &hellip; <a class=\"more-link\" href=\"http:\/\/www.xn--party-mwe-67a.de\/?page_id=25\">Weiterlesen <span class=\"meta-nav\">&rarr;<\/span><\/a><\/p>\n","protected":false},"author":1,"featured_media":0,"parent":0,"menu_order":4,"comment_status":"closed","ping_status":"closed","template":"","meta":[],"_links":{"self":[{"href":"http:\/\/www.xn--party-mwe-67a.de\/index.php?rest_route=\/wp\/v2\/pages\/25"}],"collection":[{"href":"http:\/\/www.xn--party-mwe-67a.de\/index.php?rest_route=\/wp\/v2\/pages"}],"about":[{"href":"http:\/\/www.xn--party-mwe-67a.de\/index.php?rest_route=\/wp\/v2\/types\/page"}],"author":[{"embeddable":true,"href":"http:\/\/www.xn--party-mwe-67a.de\/index.php?rest_route=\/wp\/v2\/users\/1"}],"replies":[{"embeddable":true,"href":"http:\/\/www.xn--party-mwe-67a.de\/index.php?rest_route=%2Fwp%2Fv2%2Fcomments&post=25"}],"version-history":[{"count":13,"href":"http:\/\/www.xn--party-mwe-67a.de\/index.php?rest_route=\/wp\/v2\/pages\/25\/revisions"}],"predecessor-version":[{"id":773,"href":"http:\/\/www.xn--party-mwe-67a.de\/index.php?rest_route=\/wp\/v2\/pages\/25\/revisions\/773"}],"wp:attachment":[{"href":"http:\/\/www.xn--party-mwe-67a.de\/index.php?rest_route=%2Fwp%2Fv2%2Fmedia&parent=25"}],"curies":[{"name":"wp","href":"https:\/\/api.w.org\/{rel}","templated":true}]}}