{"id":21,"date":"2014-06-02T11:18:27","date_gmt":"2014-06-02T09:18:27","guid":{"rendered":"http:\/\/www.xn--party-mwe-67a.de\/?page_id=21"},"modified":"2025-10-07T09:51:59","modified_gmt":"2025-10-07T07:51:59","slug":"home","status":"publish","type":"page","link":"http:\/\/www.xn--party-mwe-67a.de\/","title":{"rendered":"Start"},"content":{"rendered":"\n<figure class=\"wp-block-image size-full\"><a href=\"http:\/\/www.xn--party-mwe-67a.de\/wp-content\/uploads\/2025\/10\/Turquoise-Blue-Photo-Collage-Summer-Sea-Vacation-Facebook-Cover-1.png\"><img decoding=\"async\" loading=\"lazy\" width=\"851\" height=\"315\" src=\"http:\/\/www.xn--party-mwe-67a.de\/wp-content\/uploads\/2025\/10\/Turquoise-Blue-Photo-Collage-Summer-Sea-Vacation-Facebook-Cover-1.png\" alt=\"\" class=\"wp-image-723\" srcset=\"http:\/\/www.xn--party-mwe-67a.de\/wp-content\/uploads\/2025\/10\/Turquoise-Blue-Photo-Collage-Summer-Sea-Vacation-Facebook-Cover-1.png 851w, http:\/\/www.xn--party-mwe-67a.de\/wp-content\/uploads\/2025\/10\/Turquoise-Blue-Photo-Collage-Summer-Sea-Vacation-Facebook-Cover-1-300x111.png 300w, http:\/\/www.xn--party-mwe-67a.de\/wp-content\/uploads\/2025\/10\/Turquoise-Blue-Photo-Collage-Summer-Sea-Vacation-Facebook-Cover-1-768x284.png 768w, http:\/\/www.xn--party-mwe-67a.de\/wp-content\/uploads\/2025\/10\/Turquoise-Blue-Photo-Collage-Summer-Sea-Vacation-Facebook-Cover-1-500x185.png 500w\" sizes=\"(max-width: 851px) 100vw, 851px\" \/><\/a><\/figure>\n\n\n<h2>Herzlich Willkommen auf unserer Seite!<\/h2>\n<p>Sie sind auf der Suche nach einer passenden Location f\u00fcr Ihre Hochzeit, Geburtstagsfeier, Weihnachtsfeier, Firmenfeier, Konfirmation oder einfach nur f\u00fcr ein Jubil\u00e4um?<\/p>\n<p>Dann sind Sie bei uns genau richtig.<\/p>\n<p>Wir bieten Ihnen auf \u00fcber 220 m\u00b2 Platz f\u00fcr Ihre individuelle Feier.<\/p>\n<p>Sie finden uns in der Petersdorfer Stra\u00dfe 15, direkt hinter dem Hotel Garni am Rostocker \u00dcberseehafen. Hier finden Sie Platz und Ruhe f\u00fcr eine ungest\u00f6rte Feier. Unser gro\u00dfer Festsaal mit Bar- und Musikanlage bietet Platz f\u00fcr bis zu 80 Personen.<\/p>\n<p>Im Sommer kann zus\u00e4tzlich zum Saal die gro\u00dfe Au\u00dfenterrasse (ca. 290 m\u00b2) inkl. Grillecke genutzt werden. St\u00fchle und Tische f\u00fcr den Au\u00dfenbereich sind reichlich vorhanden. Im Winter sorgt im Innenbereich ein Kamin f\u00fcr entsprechende Atmosph\u00e4re, sodass beispielsweise Ihre Weihnachtsfeier das n\u00f6tige Ambiente erh\u00e4lt.<\/p>\n<p>Zur Ausstattung geh\u00f6ren u.a. ein Getr\u00e4nkek\u00fchlschrank, ein kleiner K\u00fchlschrank, ein Gefrierschrank und eine Lichtanlage. Geschirr und Besteck stellen wir gerne zur Verf\u00fcgung.<\/p>\n<p>Parkpl\u00e4tze stehen kostenlos direkt am Objekt und in gro\u00dfer Anzahl zur Verf\u00fcgung.<\/p>\n<p>Rufen Sie uns an unter <strong>Tel. 0177\/2003930<\/strong> und reservieren Sie gleich Ihren Wunschtermin oder schreiben Sie uns per E-Mail: <strong>info@party-moewe.de. <\/strong>Eine Besichtigung ist in der Regel werkt\u00e4glich zwischen 7:00 &#8211; 16:00 Uhr (nach vorheriger Anmeldung) m\u00f6glich<strong>.<\/strong><\/p>\n<p>Sie k\u00f6nnen auch gerne das Kontaktformular unter &#8222;<strong>Kontakt<\/strong>&#8220; nutzen, um mit uns in Verbindung zu treten.<\/p>\n<p>Wir freuen uns auf Sie!<\/p>\n\n\n<div class=\"wp-block-buttons is-layout-flex\">\n<div class=\"wp-block-button is-style-fill\"><a class=\"wp-block-button__link wp-element-button\" href=\"http:\/\/www.xn--party-mwe-67a.de\/?page_id=27\"><mark style=\"background-color:rgba(0, 0, 0, 0)\" class=\"has-inline-color has-white-color\"><strong>Kontakt<\/strong><\/mark><\/a><\/div>\n<\/div>\n","protected":false},"excerpt":{"rendered":"<p>Herzlich Willkommen auf unserer Seite! Sie sind auf der Suche nach einer passenden Location f\u00fcr Ihre Hochzeit, Geburtstagsfeier, Weihnachtsfeier, Firmenfeier, Konfirmation oder einfach nur f\u00fcr ein Jubil\u00e4um? Dann sind Sie bei uns genau richtig. Wir bieten Ihnen auf \u00fcber 220 &hellip; <a class=\"more-link\" href=\"http:\/\/www.xn--party-mwe-67a.de\/\">Weiterlesen <span class=\"meta-nav\">&rarr;<\/span><\/a><\/p>\n","protected":false},"author":1,"featured_media":0,"parent":0,"menu_order":0,"comment_status":"closed","ping_status":"closed","template":"","meta":[],"_links":{"self":[{"href":"http:\/\/www.xn--party-mwe-67a.de\/index.php?rest_route=\/wp\/v2\/pages\/21"}],"collection":[{"href":"http:\/\/www.xn--party-mwe-67a.de\/index.php?rest_route=\/wp\/v2\/pages"}],"about":[{"href":"http:\/\/www.xn--party-mwe-67a.de\/index.php?rest_route=\/wp\/v2\/types\/page"}],"author":[{"embeddable":true,"href":"http:\/\/www.xn--party-mwe-67a.de\/index.php?rest_route=\/wp\/v2\/users\/1"}],"replies":[{"embeddable":true,"href":"http:\/\/www.xn--party-mwe-67a.de\/index.php?rest_route=%2Fwp%2Fv2%2Fcomments&post=21"}],"version-history":[{"count":75,"href":"http:\/\/www.xn--party-mwe-67a.de\/index.php?rest_route=\/wp\/v2\/pages\/21\/revisions"}],"predecessor-version":[{"id":725,"href":"http:\/\/www.xn--party-mwe-67a.de\/index.php?rest_route=\/wp\/v2\/pages\/21\/revisions\/725"}],"wp:attachment":[{"href":"http:\/\/www.xn--party-mwe-67a.de\/index.php?rest_route=%2Fwp%2Fv2%2Fmedia&parent=21"}],"curies":[{"name":"wp","href":"https:\/\/api.w.org\/{rel}","templated":true}]}}